umber?
False
Suppose 2*p + 0*p - 28 = 0. Suppose q = -5*r + p, 5*q + 0*r + 20 = 5*r. Is 35 + q - (-1 + 0) a composite number?
True
Let j = 4 + 0. Suppose -3*v + 29 = -2*k, j*k = -v - v - 18. Is (-4)/14 + (-149)/k prime?
False
Suppose 0 = -q - 4*q + 275. Let i = 102 - q. Is i prime?
True
Suppose -2*o + 5*o + 5*g = -22, -4*o + 3*g = 39. Let h be (132/8)/(o/(-24)). Suppose 122 = 3*t + h. Is t a composite number?
True
Let i(g) = -g**3 + g**2 - g + 59. Let l = -6 + 5. Let b be -2 - l - (-1)/1. Is i(b) a composite number?
False
Let f be -1 - (1 - (-3 - 6)). Let l = 15 + f. Is l prime?
False
Suppose -3*s - 10 = -8*s. Suppose g = -5*n + 116, 2*g - 261 = -n - s. Is g prime?
True
Let b(a) = a**3 + a - 1. Let x(c) = 5*c**3 - 8*c**2 + 2*c - 6. Let y(u) = 6*b(u) - x(u). Let i = -2 + -5. Is y(i) composite?
True
Suppose -2*i - 2 = 4. Let q = -3 - i. Suppose 2*d - 6*d + 76 = q. Is d a composite number?
False
Let x be 6/4*(-20)/(-15). Let a(q) = 7*q**3 + 2*q**2 + 3*q - 3. Is a(x) a prime number?
True
Let i(x) = 100*x - 3. Is i(4) composite?
False
Is 4111 - (2/2 + 1) composite?
True
Suppose p = 3*v - 163, -4*v + 3*p + 122 = -92. Is v a composite number?
True
Suppose -4*v - 5*o = -2237, -3*o + 899 + 775 = 3*v. Is v composite?
True
Suppose 5*c = 2*y + 13, -c - 2*y - 7 = -0*y. Suppose -c + 7 = -2*j. Is j + 1/((-1)/(-61)) prime?
False
Suppose 2*y = 4*y - 26. Is y prime?
True
Suppose -1539 - 226 = -5*k. Let i = k + -222. Is i prime?
True
Let b(q) = 45*q**2 - 4*q - 11. Is b(5) composite?
True
Let l = -8 + 8. Suppose 415 = 5*s - 4*u - l*u, 0 = 4*s + u - 311. Is s a prime number?
True
Suppose -5*u + 2*u = -r + 64, -4*r = -4*u - 296. Is r a composite number?
False
Let u(a) = 27*a - 1. Let j be u(1). Suppose 5*b - 236 = -w, -b + j = -w - 20. Let r = b - -42. Is r a prime number?
True
Let q(w) = -w**3 + w**2 + 5*w - 7. Let f be q(5). Let o be (f/(-6))/(4/36). Suppose -2*u = 2*a - 134, -2*a + 39 = -5*u - o. Is a a prime number?
True
Suppose 6*l - 1304 = -2*l. Is l a composite number?
False
Let h be 9/((-1)/((-6)/9)). Let m = h + 40. Suppose 4*o = m - 6. Is o composite?
True
Let w = -6 + 6. Let t(g) = -g + 83. Is t(w) prime?
True
Let v(q) = -58*q - 17. Is v(-6) a prime number?
True
Suppose 0 = x + 5*l - 1921, 1929 = x - l + 2*l. Is x composite?
False
Let q(u) = 5*u**2 + 4*u. Let o be q(6). Suppose 3*w = -2*w + 25, 2*y - o = -4*w. Is y + -1 + 3/1 prime?
False
Suppose 0 = y - 0*y. Let c(q) = -3*q - 2. Let v be c(-3). Suppose y = o - v. Is o a composite number?
False
Is (-97)/(-2)*2*(-2)/(-1) a composite number?
True
Let f(d) = -7*d + 3353. Is f(0) composite?
True
Let n = 5 + -5. Suppose -m + n*m - j + 51 = 0, 3*m - 151 = -4*j. Is m composite?
False
Suppose 3*m = -26 - 49. Let y be (m/10)/(1/(-6)). Let h = -5 + y. Is h prime?
False
Let c = -1 + 3. Suppose 0 = a - d + 6, c*a + d = -2*a - 4. Is a + 5 + 1/1 prime?
False
Suppose -4*u = 5*j - 2314, 3*u + 5*j + 791 - 2524 = 0. Is u prime?
False
Suppose -v - 3 + 6 = 0, -2*v = k + 1. Let i be (k - -1)*42/(-4). Is 1/((-2 - -5)/i) a composite number?
True
Let y(b) = b**3 + 10*b**2 - 11*b + 11. Let d be y(-9). Let w = d - 85. Is w prime?
False
Let j be 4/14 - 5172/21. Let c be (10/15)/((-4)/j). Suppose 2*x + c = 147. Is x a composite number?
False
Let i be (-1683)/(-1) + (0 - -2). Suppose 0 = -t - 4*t + i. Is t prime?
True
Let u = -199 + 282. Is u composite?
False
Suppose 5*n - 1426 = 1009. Is n a prime number?
True
Let p = -7 - -7. Suppose p = -4*f + 152 + 260. Is f prime?
True
Suppose 0 = 5*b + 3 + 2. Let m = -3 - b. Is (-15)/m*(0 + 2) prime?
False
Suppose 5*w - 3 = 7. Let s = -5 + 10. Suppose -y + w*o = -2*o - 37, -285 = -s*y - 5*o. Is y composite?
False
Suppose -d + 5*d = 104. Suppose -2*a = -4 - 0. Suppose -2*i + 16 = a*m - 6*m, -i - 4*m + d = 0. Is i a prime number?
False
Let w(j) = -54*j + 19. Is w(-8) prime?
False
Suppose 5*a + 426 = 8*a. Is a a prime number?
False
Let t(c) = 4*c**2 + 4*c - 11. Is t(6) prime?
True
Let j = 779 + -531. Suppose 8 = -2*r, 0 = -4*p - 2*r + 3*r - j. Let t = p - -100. Is t a prime number?
True
Let l(k) = 6354*k**2 - 1. Is l(-1) prime?
True
Let u(p) be the second derivative of -p**4/12 - 2*p**3/3 - 3*p**2/2 - 2*p. Let q be u(-6). Is q/(-10) + (-742)/(-4) a prime number?
False
Let a(h) = -142*h**3 + h**2 - h + 3. Is a(-2) a composite number?
True
Suppose 0 = 4*q - q - 339. Is q composite?
False
Let s(v) = 45*v + 43. Is s(14) composite?
False
Let d(x) be the third derivative of 23*x**5/60 + 3*x**2. Is d(-1) prime?
True
Let i be (7/14)/((-2)/(-24)). Is (-187)/(-3) - 2/i composite?
True
Suppose 0 = d - 2*d. Suppose 9*f - 4*f - 95 = d. Is f composite?
False
Let p(x) = x**2 + 3*x + 4. Let t be p(-3). Suppose -t*j + 379 = -65. Is j a prime number?
False
Suppose 4*s - 85 = -5*v + 1380, 3*s = 5*v - 1465. Is v prime?
True
Let o(a) = -a**2 + 41*a - 13. Let u(s) = 14*s - 4. Suppose n + 6 = 3*z, -n - 4*z - 11 = 4*n. Let v(b) = n*o(b) + 8*u(b). Is v(7) a composite number?
True
Let d = 2894 - 283. Is d a composite number?
True
Suppose -77 + 28 = -f. Let m = f + -14. Is m prime?
False
Suppose -y + 13*y = 6996. Is y composite?
True
Suppose 6*p = 2*p - 16, 460 = u + 3*p. Let x = u - 219. Is x a prime number?
False
Let r = -13 + 11. Let v = 0 - -4. Is 378/v - r/4 composite?
True
Suppose -51 = -r + 4. Is r a composite number?
True
Let s(f) = f**2 + 2*f. Let l = 4 + -1. Let d(c) = c**2 - 4*c - 2. Let u be d(l). Is s(u) a prime number?
False
Suppose 5*p + 620 - 4107 = -t, -3*p - 3*t + 2097 = 0. Is p a prime number?
False
Suppose 0 = 5*g - 5*w - 1364 - 511, 20 = 5*w. Is g a composite number?
False
Suppose 3*x - x - 2174 = 0. Is x a composite number?
False
Suppose 4*s = 3*t + 112 + 66, 4*t = -5*s - 227. Let p be (-2)/(-5) + 553/5. Let h = p + t. Is h a composite number?
False
Let t = 4385 + -2874. Is t a composite number?
False
Is (-2)/8 - 2086/(-56) prime?
True
Suppose -4*b = -2*t + 6, -3*b + t = -t + 6. Let k = 2 - b. Suppose -v - 71 = -5*s + k*v, -v + 24 = 2*s. Is s prime?
True
Let d(m) = -289*m + 30. Is d(-7) a prime number?
True
Let w = 636 - 433. Is w prime?
False
Let k = 1184 - 510. Is k a prime number?
False
Let x(z) = z**2 - 5*z. Is x(6) a prime number?
False
Let t(j) be the third derivative of j**6/120 + j**4/8 + j**3/6 + 2*j**2. Is t(4) prime?
False
Suppose -4*w = 2*w - 22254. Is w a prime number?
True
Suppose -m + 3*j = -156, 0 = -2*m - 2*j + 5*j + 312. Let v = m - 80. Suppose 3*d - v = -d. Is d composite?
False
Suppose -4*r + 0*r = -12. Suppose y = 4*b + 383, -r*b = -2*y + y + 386. Suppose 0 = 2*z + 3*z - y. Is z composite?
False
Let v(r) = 9*r**3 + r**2 - r + 1. Let p be v(1). Suppose -5*z = -p*z - 315. Is 3/1 - (z - 1) prime?
True
Suppose -8*v + 12*v = 1524. Is v composite?
True
Suppose -2*q - 3*q - 55 = 0. Let c(j) = -j**3 - 9*j**2 + 8*j + 3. Is c(q) a prime number?
True
Suppose -s - 772 = 3*s. Let b be -3 - (-1 + s + 2). Let y = 482 - b. Is y a prime number?
True
Let m(o) = 4*o**3 + o**2 - o + 1. Let h(j) = -j. Let y(c) = -c + 7. Let a(u) = -2*h(u) + y(u). Let q be a(-5). Is m(q) a prime number?
False
Let u(k) = 12*k**2 - 5*k - 2. Let h(j) = -j - 1. Let y(w) = -3*h(w) + u(w). Suppose -3*c = -5*c + 2. Is y(c) prime?
True
Let y = 1128 - -511. Is y composite?
True
Is 1*-2*(-2798)/4 composite?
False
Let r = -234 - -385. Let v = 230 - r. Is v composite?
False
Let k(w) = 5*w**2 - 9. Is k(14) a prime number?
True
Suppose -4*k + 5*k - 3541 = 4*i, 3*i - 12 = 0. Is k prime?
True
Let i = -65 - -38. Suppose -6*x + 7*x - 154 = 0. Let m = x + i. Is m prime?
True
Suppose 0*q = 3*q - 9, -5*q + 20 = f. Suppose 0*d + 20 = f*d. Suppose -249 = h - d*h. Is h prime?
True
Let y be (1/(-2))/(2/212). Let a be 2 - ((-2 - 0) + 20). Let i = a - y. Is i prime?
True
Suppose -7*o + 22 = -3*a - 2*o, 5*o = 5*a + 30. Let s(z) = 2*z**2 + 5*z + 7. Is s(a) a prime number?
True
Is 3 + (-72)/28 - 58468/(-7) a prime number?
True
Suppose 3*f + 0*b - 1112 = -5*b, -f - 5*b = -354. Is f prime?
True
Let d(w) = -w**3 + 11*w**2 - 7*w + 13. Let f = 34 - 24. Is d(f) a composite number?
False
Let d(o) = -o**3 - o**2 + 2*o. Let u be d(-2). Suppose 4*b = -u*b + 388. Is b a composite number?
False
Let c = 25 + -4. Is c composite?
True
Suppose 28 = f - 3*f. Let m = f - -8. Is 4/m - (-118)/6 a prime number?
True
Suppose 4*t = -j + 3*t + 10, 2*j = -t + 15. Supp